{"id":3738,"date":"2020-10-21T10:46:34","date_gmt":"2020-10-21T08:46:34","guid":{"rendered":"https:\/\/www.iberosa.com\/productos_rumbo\/couette-en-microfibre-de-250-grammes\/"},"modified":"2024-11-19T10:32:14","modified_gmt":"2024-11-19T09:32:14","slug":"couette-en-microfibre-de-250-grammes","status":"publish","type":"productos_rumbo","link":"https:\/\/www.iberosa.com\/fr\/productos_rumbo\/couette-en-microfibre-de-250-grammes\/","title":{"rendered":"Couette en microfibre de 250 grammes"},"content":{"rendered":"<p>Son garnissage en fibre creuse silicon\u00e9e lui conf\u00e8rent un doux et agr\u00e9able toucher. Elles sont l\u00e9g\u00e8res, confortables, d\u2019entretien facile et elles poss\u00e8dent une grande capacit\u00e9 de r\u00e9cup\u00e9ration, de sorte qu&rsquo;elles ne se d\u00e9forment pas.<\/p>\n<p>La fibre creuse permet l\u2019air de circuler librement, facilitant ainsi l\u2019\u00e9vaporation de l\u2019humidit\u00e9. La caract\u00e9ristique qui fait de la fibre creuse la meilleure c\u2019est sa respirabilit\u00e9, propri\u00e9t\u00e9 qui la rend plus hygi\u00e9nique, en \u00e9vitant les mauvaises odeurs et en lui donnant des propri\u00e9t\u00e9s antiallergiques. En outre cette couette re\u00e7oit \u00e9galement un traitement sp\u00e9cial \u00e0 base de silicone qui lui conf\u00e8re un toucher extra doux.<\/p>\n","protected":false},"excerpt":{"rendered":"<p>Couette l\u00e9g\u00e8re, hypoallerg\u00e9nique et lavable.<\/p>\n","protected":false},"featured_media":8058,"parent":0,"menu_order":13,"template":"","meta":{"_acf_changed":false},"categoria_producto":[168],"class_list":["post-3738","productos_rumbo","type-productos_rumbo","status-publish","has-post-thumbnail","hentry","categoria_producto-couettes"],"acf":[],"yoast_head":"<!-- This site is optimized with the Yoast SEO plugin v27.3 - https:\/\/yoast.com\/product\/yoast-seo-wordpress\/ -->\n<title>Couette en microfibre de 250 grammes - Iberosa - Iberoamericana de hilados y tejidos, SA<\/title>\n<meta name=\"robots\" content=\"index, follow, max-snippet:-1, max-image-preview:large, max-video-preview:-1\" \/>\n<link rel=\"canonical\" href=\"https:\/\/www.iberosa.com\/fr\/productos_rumbo\/couette-en-microfibre-de-250-grammes\/\" \/>\n<meta property=\"og:locale\" content=\"fr_FR\" \/>\n<meta property=\"og:type\" content=\"article\" \/>\n<meta property=\"og:title\" content=\"Couette en microfibre de 250 grammes - Iberosa - Iberoamericana de hilados y tejidos, SA\" \/>\n<meta property=\"og:description\" content=\"Couette l\u00e9g\u00e8re, hypoallerg\u00e9nique et lavable.\" \/>\n<meta property=\"og:url\" content=\"https:\/\/www.iberosa.com\/fr\/productos_rumbo\/couette-en-microfibre-de-250-grammes\/\" \/>\n<meta property=\"og:site_name\" content=\"Iberosa - Iberoamericana de hilados y tejidos, SA\" \/>\n<meta property=\"article:publisher\" content=\"https:\/\/www.facebook.com\/iberosatextiles\" \/>\n<meta property=\"article:modified_time\" content=\"2024-11-19T09:32:14+00:00\" \/>\n<meta property=\"og:image\" content=\"https:\/\/www.iberosa.com\/wp-content\/uploads\/2020\/08\/relleno-nordico-250g-01.jpg\" \/>\n\t<meta property=\"og:image:width\" content=\"1600\" \/>\n\t<meta property=\"og:image:height\" content=\"1600\" \/>\n\t<meta property=\"og:image:type\" content=\"image\/jpeg\" \/>\n<meta name=\"twitter:card\" content=\"summary_large_image\" \/>\n<meta name=\"twitter:site\" content=\"@IberosaTextiles\" \/>\n<script type=\"application\/ld+json\" class=\"yoast-schema-graph\">{\"@context\":\"https:\\\/\\\/schema.org\",\"@graph\":[{\"@type\":\"WebPage\",\"@id\":\"https:\\\/\\\/www.iberosa.com\\\/fr\\\/productos_rumbo\\\/couette-en-microfibre-de-250-grammes\\\/\",\"url\":\"https:\\\/\\\/www.iberosa.com\\\/fr\\\/productos_rumbo\\\/couette-en-microfibre-de-250-grammes\\\/\",\"name\":\"Couette en microfibre de 250 grammes - Iberosa - Iberoamericana de hilados y tejidos, SA\",\"isPartOf\":{\"@id\":\"https:\\\/\\\/www.iberosa.com\\\/fr\\\/#website\"},\"primaryImageOfPage\":{\"@id\":\"https:\\\/\\\/www.iberosa.com\\\/fr\\\/productos_rumbo\\\/couette-en-microfibre-de-250-grammes\\\/#primaryimage\"},\"image\":{\"@id\":\"https:\\\/\\\/www.iberosa.com\\\/fr\\\/productos_rumbo\\\/couette-en-microfibre-de-250-grammes\\\/#primaryimage\"},\"thumbnailUrl\":\"https:\\\/\\\/www.iberosa.com\\\/wp-content\\\/uploads\\\/2020\\\/08\\\/relleno-nordico-250g-01.jpg\",\"datePublished\":\"2020-10-21T08:46:34+00:00\",\"dateModified\":\"2024-11-19T09:32:14+00:00\",\"breadcrumb\":{\"@id\":\"https:\\\/\\\/www.iberosa.com\\\/fr\\\/productos_rumbo\\\/couette-en-microfibre-de-250-grammes\\\/#breadcrumb\"},\"inLanguage\":\"fr-FR\",\"potentialAction\":[{\"@type\":\"ReadAction\",\"target\":[\"https:\\\/\\\/www.iberosa.com\\\/fr\\\/productos_rumbo\\\/couette-en-microfibre-de-250-grammes\\\/\"]}]},{\"@type\":\"ImageObject\",\"inLanguage\":\"fr-FR\",\"@id\":\"https:\\\/\\\/www.iberosa.com\\\/fr\\\/productos_rumbo\\\/couette-en-microfibre-de-250-grammes\\\/#primaryimage\",\"url\":\"https:\\\/\\\/www.iberosa.com\\\/wp-content\\\/uploads\\\/2020\\\/08\\\/relleno-nordico-250g-01.jpg\",\"contentUrl\":\"https:\\\/\\\/www.iberosa.com\\\/wp-content\\\/uploads\\\/2020\\\/08\\\/relleno-nordico-250g-01.jpg\",\"width\":1600,\"height\":1600},{\"@type\":\"BreadcrumbList\",\"@id\":\"https:\\\/\\\/www.iberosa.com\\\/fr\\\/productos_rumbo\\\/couette-en-microfibre-de-250-grammes\\\/#breadcrumb\",\"itemListElement\":[{\"@type\":\"ListItem\",\"position\":1,\"name\":\"Accueil\",\"item\":\"https:\\\/\\\/www.iberosa.com\\\/fr\\\/\"},{\"@type\":\"ListItem\",\"position\":2,\"name\":\"Productos\",\"item\":\"https:\\\/\\\/www.iberosa.com\\\/fr\\\/productos_rumbo\\\/\"},{\"@type\":\"ListItem\",\"position\":3,\"name\":\"Textile de lit\",\"item\":\"https:\\\/\\\/www.iberosa.com\\\/fr\\\/categoria_producto\\\/textile-de-lit\\\/\"},{\"@type\":\"ListItem\",\"position\":4,\"name\":\"Accessoires literie\",\"item\":\"https:\\\/\\\/www.iberosa.com\\\/fr\\\/categoria_producto\\\/textile-de-lit\\\/accessoires-literie\\\/\"},{\"@type\":\"ListItem\",\"position\":5,\"name\":\"Couettes\",\"item\":\"https:\\\/\\\/www.iberosa.com\\\/fr\\\/categoria_producto\\\/textile-de-lit\\\/accessoires-literie\\\/couettes\\\/\"},{\"@type\":\"ListItem\",\"position\":6,\"name\":\"Couette en microfibre de 250 grammes\"}]},{\"@type\":\"WebSite\",\"@id\":\"https:\\\/\\\/www.iberosa.com\\\/fr\\\/#website\",\"url\":\"https:\\\/\\\/www.iberosa.com\\\/fr\\\/\",\"name\":\"Iberosa - Iberoamericana de hilados y tejidos, SL\",\"description\":\"Especializados en textil para hosteler\u00eda y sanidad\",\"publisher\":{\"@id\":\"https:\\\/\\\/www.iberosa.com\\\/fr\\\/#organization\"},\"potentialAction\":[{\"@type\":\"SearchAction\",\"target\":{\"@type\":\"EntryPoint\",\"urlTemplate\":\"https:\\\/\\\/www.iberosa.com\\\/fr\\\/?s={search_term_string}\"},\"query-input\":{\"@type\":\"PropertyValueSpecification\",\"valueRequired\":true,\"valueName\":\"search_term_string\"}}],\"inLanguage\":\"fr-FR\"},{\"@type\":\"Organization\",\"@id\":\"https:\\\/\\\/www.iberosa.com\\\/fr\\\/#organization\",\"name\":\"Iberosa - Iberoamericana de hilados y tejidos, SL\",\"url\":\"https:\\\/\\\/www.iberosa.com\\\/fr\\\/\",\"logo\":{\"@type\":\"ImageObject\",\"inLanguage\":\"fr-FR\",\"@id\":\"https:\\\/\\\/www.iberosa.com\\\/fr\\\/#\\\/schema\\\/logo\\\/image\\\/\",\"url\":\"https:\\\/\\\/www.iberosa.com\\\/wp-content\\\/uploads\\\/2019\\\/11\\\/logo-iberosa-web-2021.png\",\"contentUrl\":\"https:\\\/\\\/www.iberosa.com\\\/wp-content\\\/uploads\\\/2019\\\/11\\\/logo-iberosa-web-2021.png\",\"width\":276,\"height\":45,\"caption\":\"Iberosa - Iberoamericana de hilados y tejidos, SL\"},\"image\":{\"@id\":\"https:\\\/\\\/www.iberosa.com\\\/fr\\\/#\\\/schema\\\/logo\\\/image\\\/\"},\"sameAs\":[\"https:\\\/\\\/www.facebook.com\\\/iberosatextiles\",\"https:\\\/\\\/x.com\\\/IberosaTextiles\",\"https:\\\/\\\/www.linkedin.com\\\/company\\\/iberosa-textiles\"]}]}<\/script>\n<!-- \/ Yoast SEO plugin. -->","yoast_head_json":{"title":"Couette en microfibre de 250 grammes - Iberosa - Iberoamericana de hilados y tejidos, SA","robots":{"index":"index","follow":"follow","max-snippet":"max-snippet:-1","max-image-preview":"max-image-preview:large","max-video-preview":"max-video-preview:-1"},"canonical":"https:\/\/www.iberosa.com\/fr\/productos_rumbo\/couette-en-microfibre-de-250-grammes\/","og_locale":"fr_FR","og_type":"article","og_title":"Couette en microfibre de 250 grammes - Iberosa - Iberoamericana de hilados y tejidos, SA","og_description":"Couette l\u00e9g\u00e8re, hypoallerg\u00e9nique et lavable.","og_url":"https:\/\/www.iberosa.com\/fr\/productos_rumbo\/couette-en-microfibre-de-250-grammes\/","og_site_name":"Iberosa - Iberoamericana de hilados y tejidos, SA","article_publisher":"https:\/\/www.facebook.com\/iberosatextiles","article_modified_time":"2024-11-19T09:32:14+00:00","og_image":[{"width":1600,"height":1600,"url":"https:\/\/www.iberosa.com\/wp-content\/uploads\/2020\/08\/relleno-nordico-250g-01.jpg","type":"image\/jpeg"}],"twitter_card":"summary_large_image","twitter_site":"@IberosaTextiles","schema":{"@context":"https:\/\/schema.org","@graph":[{"@type":"WebPage","@id":"https:\/\/www.iberosa.com\/fr\/productos_rumbo\/couette-en-microfibre-de-250-grammes\/","url":"https:\/\/www.iberosa.com\/fr\/productos_rumbo\/couette-en-microfibre-de-250-grammes\/","name":"Couette en microfibre de 250 grammes - Iberosa - Iberoamericana de hilados y tejidos, SA","isPartOf":{"@id":"https:\/\/www.iberosa.com\/fr\/#website"},"primaryImageOfPage":{"@id":"https:\/\/www.iberosa.com\/fr\/productos_rumbo\/couette-en-microfibre-de-250-grammes\/#primaryimage"},"image":{"@id":"https:\/\/www.iberosa.com\/fr\/productos_rumbo\/couette-en-microfibre-de-250-grammes\/#primaryimage"},"thumbnailUrl":"https:\/\/www.iberosa.com\/wp-content\/uploads\/2020\/08\/relleno-nordico-250g-01.jpg","datePublished":"2020-10-21T08:46:34+00:00","dateModified":"2024-11-19T09:32:14+00:00","breadcrumb":{"@id":"https:\/\/www.iberosa.com\/fr\/productos_rumbo\/couette-en-microfibre-de-250-grammes\/#breadcrumb"},"inLanguage":"fr-FR","potentialAction":[{"@type":"ReadAction","target":["https:\/\/www.iberosa.com\/fr\/productos_rumbo\/couette-en-microfibre-de-250-grammes\/"]}]},{"@type":"ImageObject","inLanguage":"fr-FR","@id":"https:\/\/www.iberosa.com\/fr\/productos_rumbo\/couette-en-microfibre-de-250-grammes\/#primaryimage","url":"https:\/\/www.iberosa.com\/wp-content\/uploads\/2020\/08\/relleno-nordico-250g-01.jpg","contentUrl":"https:\/\/www.iberosa.com\/wp-content\/uploads\/2020\/08\/relleno-nordico-250g-01.jpg","width":1600,"height":1600},{"@type":"BreadcrumbList","@id":"https:\/\/www.iberosa.com\/fr\/productos_rumbo\/couette-en-microfibre-de-250-grammes\/#breadcrumb","itemListElement":[{"@type":"ListItem","position":1,"name":"Accueil","item":"https:\/\/www.iberosa.com\/fr\/"},{"@type":"ListItem","position":2,"name":"Productos","item":"https:\/\/www.iberosa.com\/fr\/productos_rumbo\/"},{"@type":"ListItem","position":3,"name":"Textile de lit","item":"https:\/\/www.iberosa.com\/fr\/categoria_producto\/textile-de-lit\/"},{"@type":"ListItem","position":4,"name":"Accessoires literie","item":"https:\/\/www.iberosa.com\/fr\/categoria_producto\/textile-de-lit\/accessoires-literie\/"},{"@type":"ListItem","position":5,"name":"Couettes","item":"https:\/\/www.iberosa.com\/fr\/categoria_producto\/textile-de-lit\/accessoires-literie\/couettes\/"},{"@type":"ListItem","position":6,"name":"Couette en microfibre de 250 grammes"}]},{"@type":"WebSite","@id":"https:\/\/www.iberosa.com\/fr\/#website","url":"https:\/\/www.iberosa.com\/fr\/","name":"Iberosa - Iberoamericana de hilados y tejidos, SL","description":"Especializados en textil para hosteler\u00eda y sanidad","publisher":{"@id":"https:\/\/www.iberosa.com\/fr\/#organization"},"potentialAction":[{"@type":"SearchAction","target":{"@type":"EntryPoint","urlTemplate":"https:\/\/www.iberosa.com\/fr\/?s={search_term_string}"},"query-input":{"@type":"PropertyValueSpecification","valueRequired":true,"valueName":"search_term_string"}}],"inLanguage":"fr-FR"},{"@type":"Organization","@id":"https:\/\/www.iberosa.com\/fr\/#organization","name":"Iberosa - Iberoamericana de hilados y tejidos, SL","url":"https:\/\/www.iberosa.com\/fr\/","logo":{"@type":"ImageObject","inLanguage":"fr-FR","@id":"https:\/\/www.iberosa.com\/fr\/#\/schema\/logo\/image\/","url":"https:\/\/www.iberosa.com\/wp-content\/uploads\/2019\/11\/logo-iberosa-web-2021.png","contentUrl":"https:\/\/www.iberosa.com\/wp-content\/uploads\/2019\/11\/logo-iberosa-web-2021.png","width":276,"height":45,"caption":"Iberosa - Iberoamericana de hilados y tejidos, SL"},"image":{"@id":"https:\/\/www.iberosa.com\/fr\/#\/schema\/logo\/image\/"},"sameAs":["https:\/\/www.facebook.com\/iberosatextiles","https:\/\/x.com\/IberosaTextiles","https:\/\/www.linkedin.com\/company\/iberosa-textiles"]}]}},"_links":{"self":[{"href":"https:\/\/www.iberosa.com\/fr\/wp-json\/wp\/v2\/productos_rumbo\/3738","targetHints":{"allow":["GET"]}}],"collection":[{"href":"https:\/\/www.iberosa.com\/fr\/wp-json\/wp\/v2\/productos_rumbo"}],"about":[{"href":"https:\/\/www.iberosa.com\/fr\/wp-json\/wp\/v2\/types\/productos_rumbo"}],"version-history":[{"count":1,"href":"https:\/\/www.iberosa.com\/fr\/wp-json\/wp\/v2\/productos_rumbo\/3738\/revisions"}],"predecessor-version":[{"id":3756,"href":"https:\/\/www.iberosa.com\/fr\/wp-json\/wp\/v2\/productos_rumbo\/3738\/revisions\/3756"}],"wp:featuredmedia":[{"embeddable":true,"href":"https:\/\/www.iberosa.com\/fr\/wp-json\/wp\/v2\/media\/8058"}],"wp:attachment":[{"href":"https:\/\/www.iberosa.com\/fr\/wp-json\/wp\/v2\/media?parent=3738"}],"wp:term":[{"taxonomy":"categoria_producto","embeddable":true,"href":"https:\/\/www.iberosa.com\/fr\/wp-json\/wp\/v2\/categoria_producto?post=3738"}],"curies":[{"name":"wp","href":"https:\/\/api.w.org\/{rel}","templated":true}]}}

<p>Son garnissage en fibre creuse siliconée lui confèrent un doux et agréable toucher. Elles sont légères, confortables, d’entretien facile et elles possèdent une grande capacité de récupération, de sorte qu&rsquo;elles ne se déforment pas.</p>
<p>La fibre creuse permet l’air de circuler librement, facilitant ainsi l’évaporation de l’humidité. La caractéristique qui fait de la fibre creuse la meilleure c’est sa respirabilité, propriété qui la rend plus hygiénique, en évitant les mauvaises odeurs et en lui donnant des propriétés antiallergiques. En outre cette couette reçoit également un traitement spécial à base de silicone qui lui confère un toucher extra doux.</p>

<p>Couette légère, hypoallergénique et lavable.</p>

<!-- This site is optimized with the Yoast SEO plugin v27.3 - https://yoast.com/product/yoast-seo-wordpress/ -->
<title>Couette en microfibre de 250 grammes - Iberosa - Iberoamericana de hilados y tejidos, SA</title>
<meta name="robots" content="index, follow, max-snippet:-1, max-image-preview:large, max-video-preview:-1" />
<link rel="canonical" href="https://www.iberosa.com/fr/productos_rumbo/couette-en-microfibre-de-250-grammes/" />
<meta property="og:locale" content="fr_FR" />
<meta property="og:type" content="article" />
<meta property="og:title" content="Couette en microfibre de 250 grammes - Iberosa - Iberoamericana de hilados y tejidos, SA" />
<meta property="og:description" content="Couette légère, hypoallergénique et lavable." />
<meta property="og:url" content="https://www.iberosa.com/fr/productos_rumbo/couette-en-microfibre-de-250-grammes/" />
<meta property="og:site_name" content="Iberosa - Iberoamericana de hilados y tejidos, SA" />
<meta property="article:publisher" content="https://www.facebook.com/iberosatextiles" />
<meta property="article:modified_time" content="2024-11-19T09:32:14+00:00" />
<meta property="og:image" content="https://www.iberosa.com/wp-content/uploads/2020/08/relleno-nordico-250g-01.jpg" />
	<meta property="og:image:width" content="1600" />
	<meta property="og:image:height" content="1600" />
	<meta property="og:image:type" content="image/jpeg" />
<meta name="twitter:card" content="summary_large_image" />
<meta name="twitter:site" content="@IberosaTextiles" />
<script type="application/ld+json" class="yoast-schema-graph">{"@context":"https:\/\/schema.org","@graph":[{"@type":"WebPage","@id":"https:\/\/www.iberosa.com\/fr\/productos_rumbo\/couette-en-microfibre-de-250-grammes\/","url":"https:\/\/www.iberosa.com\/fr\/productos_rumbo\/couette-en-microfibre-de-250-grammes\/","name":"Couette en microfibre de 250 grammes - Iberosa - Iberoamericana de hilados y tejidos, SA","isPartOf":{"@id":"https:\/\/www.iberosa.com\/fr\/#website"},"primaryImageOfPage":{"@id":"https:\/\/www.iberosa.com\/fr\/productos_rumbo\/couette-en-microfibre-de-250-grammes\/#primaryimage"},"image":{"@id":"https:\/\/www.iberosa.com\/fr\/productos_rumbo\/couette-en-microfibre-de-250-grammes\/#primaryimage"},"thumbnailUrl":"https:\/\/www.iberosa.com\/wp-content\/uploads\/2020\/08\/relleno-nordico-250g-01.jpg","datePublished":"2020-10-21T08:46:34+00:00","dateModified":"2024-11-19T09:32:14+00:00","breadcrumb":{"@id":"https:\/\/www.iberosa.com\/fr\/productos_rumbo\/couette-en-microfibre-de-250-grammes\/#breadcrumb"},"inLanguage":"fr-FR","potentialAction":[{"@type":"ReadAction","target":["https:\/\/www.iberosa.com\/fr\/productos_rumbo\/couette-en-microfibre-de-250-grammes\/"]}]},{"@type":"ImageObject","inLanguage":"fr-FR","@id":"https:\/\/www.iberosa.com\/fr\/productos_rumbo\/couette-en-microfibre-de-250-grammes\/#primaryimage","url":"https:\/\/www.iberosa.com\/wp-content\/uploads\/2020\/08\/relleno-nordico-250g-01.jpg","contentUrl":"https:\/\/www.iberosa.com\/wp-content\/uploads\/2020\/08\/relleno-nordico-250g-01.jpg","width":1600,"height":1600},{"@type":"BreadcrumbList","@id":"https:\/\/www.iberosa.com\/fr\/productos_rumbo\/couette-en-microfibre-de-250-grammes\/#breadcrumb","itemListElement":[{"@type":"ListItem","position":1,"name":"Accueil","item":"https:\/\/www.iberosa.com\/fr\/"},{"@type":"ListItem","position":2,"name":"Productos","item":"https:\/\/www.iberosa.com\/fr\/productos_rumbo\/"},{"@type":"ListItem","position":3,"name":"Textile de lit","item":"https:\/\/www.iberosa.com\/fr\/categoria_producto\/textile-de-lit\/"},{"@type":"ListItem","position":4,"name":"Accessoires literie","item":"https:\/\/www.iberosa.com\/fr\/categoria_producto\/textile-de-lit\/accessoires-literie\/"},{"@type":"ListItem","position":5,"name":"Couettes","item":"https:\/\/www.iberosa.com\/fr\/categoria_producto\/textile-de-lit\/accessoires-literie\/couettes\/"},{"@type":"ListItem","position":6,"name":"Couette en microfibre de 250 grammes"}]},{"@type":"WebSite","@id":"https:\/\/www.iberosa.com\/fr\/#website","url":"https:\/\/www.iberosa.com\/fr\/","name":"Iberosa - Iberoamericana de hilados y tejidos, SL","description":"Especializados en textil para hostelería y sanidad","publisher":{"@id":"https:\/\/www.iberosa.com\/fr\/#organization"},"potentialAction":[{"@type":"SearchAction","target":{"@type":"EntryPoint","urlTemplate":"https:\/\/www.iberosa.com\/fr\/?s={search_term_string}"},"query-input":{"@type":"PropertyValueSpecification","valueRequired":true,"valueName":"search_term_string"}}],"inLanguage":"fr-FR"},{"@type":"Organization","@id":"https:\/\/www.iberosa.com\/fr\/#organization","name":"Iberosa - Iberoamericana de hilados y tejidos, SL","url":"https:\/\/www.iberosa.com\/fr\/","logo":{"@type":"ImageObject","inLanguage":"fr-FR","@id":"https:\/\/www.iberosa.com\/fr\/#\/schema\/logo\/image\/","url":"https:\/\/www.iberosa.com\/wp-content\/uploads\/2019\/11\/logo-iberosa-web-2021.png","contentUrl":"https:\/\/www.iberosa.com\/wp-content\/uploads\/2019\/11\/logo-iberosa-web-2021.png","width":276,"height":45,"caption":"Iberosa - Iberoamericana de hilados y tejidos, SL"},"image":{"@id":"https:\/\/www.iberosa.com\/fr\/#\/schema\/logo\/image\/"},"sameAs":["https:\/\/www.facebook.com\/iberosatextiles","https:\/\/x.com\/IberosaTextiles","https:\/\/www.linkedin.com\/company\/iberosa-textiles"]}]}</script>
<!-- / Yoast SEO plugin. -->

Couette légère, hypoallergénique et lavable.

Especializados en textil para hostelería y sanidad
