{"id":7492,"date":"2024-06-10T13:10:53","date_gmt":"2024-06-10T11:10:53","guid":{"rendered":"https:\/\/www.iberosa.com\/productos_rumbo\/couverture-sedaline\/"},"modified":"2025-02-19T08:59:46","modified_gmt":"2025-02-19T07:59:46","slug":"couverture-sedaline","status":"publish","type":"productos_rumbo","link":"https:\/\/www.iberosa.com\/fr\/productos_rumbo\/couverture-sedaline\/","title":{"rendered":"Couverture Sedalina"},"content":{"rendered":"<p>La couverture Sedalina est le choix parfait pour vous offrir le meilleur confort et la meilleure chaleur pendant les mois d&rsquo;automne et d&rsquo;hiver. Cette couverture est fabriqu\u00e9e \u00e0 partir d&rsquo;un tissu en microfibre de polyester de haute qualit\u00e9, qui offre une sensation velout\u00e9e et une douceur exceptionnelle. Son design \u00e9l\u00e9gant et sa finition impeccable en font une option polyvalente, id\u00e9ale aussi bien comme couverture pour les lits que comme couverture d\u00e9corative.<\/p>\n<p>En plus de sa qualit\u00e9 exceptionnelle, la couverture sedalina est facile d&rsquo;entretien, ce qui en fait un choix pratique pour votre \u00e9tablissement. Il r\u00e9siste \u00e0 une utilisation fr\u00e9quente et \u00e0 des lavages r\u00e9p\u00e9t\u00e9s sans perdre sa douceur ni son aspect \u00e9l\u00e9gant, garantissant une exp\u00e9rience durable \u00e0 vos invit\u00e9s.<\/p>\n","protected":false},"excerpt":{"rendered":"<p>D&rsquo;un grammage de 300 g\/m2, cette couverture allie l\u00e9g\u00e8ret\u00e9 et pouvoir chauffant exceptionnel, offrant \u00e0 vos invit\u00e9s une exp\u00e9rience chaleureuse et r\u00e9confortante.<\/p>\n","protected":false},"featured_media":6547,"parent":0,"menu_order":21,"template":"","meta":{"_acf_changed":false},"categoria_producto":[163],"class_list":["post-7492","productos_rumbo","type-productos_rumbo","status-publish","has-post-thumbnail","hentry","categoria_producto-couvertures"],"acf":[],"yoast_head":"<!-- This site is optimized with the Yoast SEO plugin v27.3 - https:\/\/yoast.com\/product\/yoast-seo-wordpress\/ -->\n<title>Couverture Sedalina - Iberosa - Iberoamericana de hilados y tejidos, SA<\/title>\n<meta name=\"robots\" content=\"index, follow, max-snippet:-1, max-image-preview:large, max-video-preview:-1\" \/>\n<link rel=\"canonical\" href=\"https:\/\/www.iberosa.com\/fr\/productos_rumbo\/couverture-sedaline\/\" \/>\n<meta property=\"og:locale\" content=\"fr_FR\" \/>\n<meta property=\"og:type\" content=\"article\" \/>\n<meta property=\"og:title\" content=\"Couverture Sedalina - Iberosa - Iberoamericana de hilados y tejidos, SA\" \/>\n<meta property=\"og:description\" content=\"D&#039;un grammage de 300 g\/m2, cette couverture allie l\u00e9g\u00e8ret\u00e9 et pouvoir chauffant exceptionnel, offrant \u00e0 vos invit\u00e9s une exp\u00e9rience chaleureuse et r\u00e9confortante.\" \/>\n<meta property=\"og:url\" content=\"https:\/\/www.iberosa.com\/fr\/productos_rumbo\/couverture-sedaline\/\" \/>\n<meta property=\"og:site_name\" content=\"Iberosa - Iberoamericana de hilados y tejidos, SA\" \/>\n<meta property=\"article:publisher\" content=\"https:\/\/www.facebook.com\/iberosatextiles\" \/>\n<meta property=\"article:modified_time\" content=\"2025-02-19T07:59:46+00:00\" \/>\n<meta property=\"og:image\" content=\"https:\/\/www.iberosa.com\/wp-content\/uploads\/2023\/05\/iberosa-manta-sedalina-azul-01.jpg\" \/>\n\t<meta property=\"og:image:width\" content=\"1600\" \/>\n\t<meta property=\"og:image:height\" content=\"1600\" \/>\n\t<meta property=\"og:image:type\" content=\"image\/jpeg\" \/>\n<meta name=\"twitter:card\" content=\"summary_large_image\" \/>\n<meta name=\"twitter:site\" content=\"@IberosaTextiles\" \/>\n<script type=\"application\/ld+json\" class=\"yoast-schema-graph\">{\"@context\":\"https:\\\/\\\/schema.org\",\"@graph\":[{\"@type\":\"WebPage\",\"@id\":\"https:\\\/\\\/www.iberosa.com\\\/fr\\\/productos_rumbo\\\/couverture-sedaline\\\/\",\"url\":\"https:\\\/\\\/www.iberosa.com\\\/fr\\\/productos_rumbo\\\/couverture-sedaline\\\/\",\"name\":\"Couverture Sedalina - Iberosa - Iberoamericana de hilados y tejidos, SA\",\"isPartOf\":{\"@id\":\"https:\\\/\\\/www.iberosa.com\\\/fr\\\/#website\"},\"primaryImageOfPage\":{\"@id\":\"https:\\\/\\\/www.iberosa.com\\\/fr\\\/productos_rumbo\\\/couverture-sedaline\\\/#primaryimage\"},\"image\":{\"@id\":\"https:\\\/\\\/www.iberosa.com\\\/fr\\\/productos_rumbo\\\/couverture-sedaline\\\/#primaryimage\"},\"thumbnailUrl\":\"https:\\\/\\\/www.iberosa.com\\\/wp-content\\\/uploads\\\/2023\\\/05\\\/iberosa-manta-sedalina-azul-01.jpg\",\"datePublished\":\"2024-06-10T11:10:53+00:00\",\"dateModified\":\"2025-02-19T07:59:46+00:00\",\"breadcrumb\":{\"@id\":\"https:\\\/\\\/www.iberosa.com\\\/fr\\\/productos_rumbo\\\/couverture-sedaline\\\/#breadcrumb\"},\"inLanguage\":\"fr-FR\",\"potentialAction\":[{\"@type\":\"ReadAction\",\"target\":[\"https:\\\/\\\/www.iberosa.com\\\/fr\\\/productos_rumbo\\\/couverture-sedaline\\\/\"]}]},{\"@type\":\"ImageObject\",\"inLanguage\":\"fr-FR\",\"@id\":\"https:\\\/\\\/www.iberosa.com\\\/fr\\\/productos_rumbo\\\/couverture-sedaline\\\/#primaryimage\",\"url\":\"https:\\\/\\\/www.iberosa.com\\\/wp-content\\\/uploads\\\/2023\\\/05\\\/iberosa-manta-sedalina-azul-01.jpg\",\"contentUrl\":\"https:\\\/\\\/www.iberosa.com\\\/wp-content\\\/uploads\\\/2023\\\/05\\\/iberosa-manta-sedalina-azul-01.jpg\",\"width\":1600,\"height\":1600},{\"@type\":\"BreadcrumbList\",\"@id\":\"https:\\\/\\\/www.iberosa.com\\\/fr\\\/productos_rumbo\\\/couverture-sedaline\\\/#breadcrumb\",\"itemListElement\":[{\"@type\":\"ListItem\",\"position\":1,\"name\":\"Accueil\",\"item\":\"https:\\\/\\\/www.iberosa.com\\\/fr\\\/\"},{\"@type\":\"ListItem\",\"position\":2,\"name\":\"Productos\",\"item\":\"https:\\\/\\\/www.iberosa.com\\\/fr\\\/productos_rumbo\\\/\"},{\"@type\":\"ListItem\",\"position\":3,\"name\":\"Textile de lit\",\"item\":\"https:\\\/\\\/www.iberosa.com\\\/fr\\\/categoria_producto\\\/textile-de-lit\\\/\"},{\"@type\":\"ListItem\",\"position\":4,\"name\":\"Linge de lit\",\"item\":\"https:\\\/\\\/www.iberosa.com\\\/fr\\\/categoria_producto\\\/textile-de-lit\\\/linge-de-lit\\\/\"},{\"@type\":\"ListItem\",\"position\":5,\"name\":\"Couvertures\",\"item\":\"https:\\\/\\\/www.iberosa.com\\\/fr\\\/categoria_producto\\\/textile-de-lit\\\/linge-de-lit\\\/couvertures\\\/\"},{\"@type\":\"ListItem\",\"position\":6,\"name\":\"Couverture Sedalina\"}]},{\"@type\":\"WebSite\",\"@id\":\"https:\\\/\\\/www.iberosa.com\\\/fr\\\/#website\",\"url\":\"https:\\\/\\\/www.iberosa.com\\\/fr\\\/\",\"name\":\"Iberosa - Iberoamericana de hilados y tejidos, SL\",\"description\":\"Especializados en textil para hosteler\u00eda y sanidad\",\"publisher\":{\"@id\":\"https:\\\/\\\/www.iberosa.com\\\/fr\\\/#organization\"},\"potentialAction\":[{\"@type\":\"SearchAction\",\"target\":{\"@type\":\"EntryPoint\",\"urlTemplate\":\"https:\\\/\\\/www.iberosa.com\\\/fr\\\/?s={search_term_string}\"},\"query-input\":{\"@type\":\"PropertyValueSpecification\",\"valueRequired\":true,\"valueName\":\"search_term_string\"}}],\"inLanguage\":\"fr-FR\"},{\"@type\":\"Organization\",\"@id\":\"https:\\\/\\\/www.iberosa.com\\\/fr\\\/#organization\",\"name\":\"Iberosa - Iberoamericana de hilados y tejidos, SL\",\"url\":\"https:\\\/\\\/www.iberosa.com\\\/fr\\\/\",\"logo\":{\"@type\":\"ImageObject\",\"inLanguage\":\"fr-FR\",\"@id\":\"https:\\\/\\\/www.iberosa.com\\\/fr\\\/#\\\/schema\\\/logo\\\/image\\\/\",\"url\":\"https:\\\/\\\/www.iberosa.com\\\/wp-content\\\/uploads\\\/2019\\\/11\\\/logo-iberosa-web-2021.png\",\"contentUrl\":\"https:\\\/\\\/www.iberosa.com\\\/wp-content\\\/uploads\\\/2019\\\/11\\\/logo-iberosa-web-2021.png\",\"width\":276,\"height\":45,\"caption\":\"Iberosa - Iberoamericana de hilados y tejidos, SL\"},\"image\":{\"@id\":\"https:\\\/\\\/www.iberosa.com\\\/fr\\\/#\\\/schema\\\/logo\\\/image\\\/\"},\"sameAs\":[\"https:\\\/\\\/www.facebook.com\\\/iberosatextiles\",\"https:\\\/\\\/x.com\\\/IberosaTextiles\",\"https:\\\/\\\/www.linkedin.com\\\/company\\\/iberosa-textiles\"]}]}<\/script>\n<!-- \/ Yoast SEO plugin. -->","yoast_head_json":{"title":"Couverture Sedalina - Iberosa - Iberoamericana de hilados y tejidos, SA","robots":{"index":"index","follow":"follow","max-snippet":"max-snippet:-1","max-image-preview":"max-image-preview:large","max-video-preview":"max-video-preview:-1"},"canonical":"https:\/\/www.iberosa.com\/fr\/productos_rumbo\/couverture-sedaline\/","og_locale":"fr_FR","og_type":"article","og_title":"Couverture Sedalina - Iberosa - Iberoamericana de hilados y tejidos, SA","og_description":"D'un grammage de 300 g\/m2, cette couverture allie l\u00e9g\u00e8ret\u00e9 et pouvoir chauffant exceptionnel, offrant \u00e0 vos invit\u00e9s une exp\u00e9rience chaleureuse et r\u00e9confortante.","og_url":"https:\/\/www.iberosa.com\/fr\/productos_rumbo\/couverture-sedaline\/","og_site_name":"Iberosa - Iberoamericana de hilados y tejidos, SA","article_publisher":"https:\/\/www.facebook.com\/iberosatextiles","article_modified_time":"2025-02-19T07:59:46+00:00","og_image":[{"width":1600,"height":1600,"url":"https:\/\/www.iberosa.com\/wp-content\/uploads\/2023\/05\/iberosa-manta-sedalina-azul-01.jpg","type":"image\/jpeg"}],"twitter_card":"summary_large_image","twitter_site":"@IberosaTextiles","schema":{"@context":"https:\/\/schema.org","@graph":[{"@type":"WebPage","@id":"https:\/\/www.iberosa.com\/fr\/productos_rumbo\/couverture-sedaline\/","url":"https:\/\/www.iberosa.com\/fr\/productos_rumbo\/couverture-sedaline\/","name":"Couverture Sedalina - Iberosa - Iberoamericana de hilados y tejidos, SA","isPartOf":{"@id":"https:\/\/www.iberosa.com\/fr\/#website"},"primaryImageOfPage":{"@id":"https:\/\/www.iberosa.com\/fr\/productos_rumbo\/couverture-sedaline\/#primaryimage"},"image":{"@id":"https:\/\/www.iberosa.com\/fr\/productos_rumbo\/couverture-sedaline\/#primaryimage"},"thumbnailUrl":"https:\/\/www.iberosa.com\/wp-content\/uploads\/2023\/05\/iberosa-manta-sedalina-azul-01.jpg","datePublished":"2024-06-10T11:10:53+00:00","dateModified":"2025-02-19T07:59:46+00:00","breadcrumb":{"@id":"https:\/\/www.iberosa.com\/fr\/productos_rumbo\/couverture-sedaline\/#breadcrumb"},"inLanguage":"fr-FR","potentialAction":[{"@type":"ReadAction","target":["https:\/\/www.iberosa.com\/fr\/productos_rumbo\/couverture-sedaline\/"]}]},{"@type":"ImageObject","inLanguage":"fr-FR","@id":"https:\/\/www.iberosa.com\/fr\/productos_rumbo\/couverture-sedaline\/#primaryimage","url":"https:\/\/www.iberosa.com\/wp-content\/uploads\/2023\/05\/iberosa-manta-sedalina-azul-01.jpg","contentUrl":"https:\/\/www.iberosa.com\/wp-content\/uploads\/2023\/05\/iberosa-manta-sedalina-azul-01.jpg","width":1600,"height":1600},{"@type":"BreadcrumbList","@id":"https:\/\/www.iberosa.com\/fr\/productos_rumbo\/couverture-sedaline\/#breadcrumb","itemListElement":[{"@type":"ListItem","position":1,"name":"Accueil","item":"https:\/\/www.iberosa.com\/fr\/"},{"@type":"ListItem","position":2,"name":"Productos","item":"https:\/\/www.iberosa.com\/fr\/productos_rumbo\/"},{"@type":"ListItem","position":3,"name":"Textile de lit","item":"https:\/\/www.iberosa.com\/fr\/categoria_producto\/textile-de-lit\/"},{"@type":"ListItem","position":4,"name":"Linge de lit","item":"https:\/\/www.iberosa.com\/fr\/categoria_producto\/textile-de-lit\/linge-de-lit\/"},{"@type":"ListItem","position":5,"name":"Couvertures","item":"https:\/\/www.iberosa.com\/fr\/categoria_producto\/textile-de-lit\/linge-de-lit\/couvertures\/"},{"@type":"ListItem","position":6,"name":"Couverture Sedalina"}]},{"@type":"WebSite","@id":"https:\/\/www.iberosa.com\/fr\/#website","url":"https:\/\/www.iberosa.com\/fr\/","name":"Iberosa - Iberoamericana de hilados y tejidos, SL","description":"Especializados en textil para hosteler\u00eda y sanidad","publisher":{"@id":"https:\/\/www.iberosa.com\/fr\/#organization"},"potentialAction":[{"@type":"SearchAction","target":{"@type":"EntryPoint","urlTemplate":"https:\/\/www.iberosa.com\/fr\/?s={search_term_string}"},"query-input":{"@type":"PropertyValueSpecification","valueRequired":true,"valueName":"search_term_string"}}],"inLanguage":"fr-FR"},{"@type":"Organization","@id":"https:\/\/www.iberosa.com\/fr\/#organization","name":"Iberosa - Iberoamericana de hilados y tejidos, SL","url":"https:\/\/www.iberosa.com\/fr\/","logo":{"@type":"ImageObject","inLanguage":"fr-FR","@id":"https:\/\/www.iberosa.com\/fr\/#\/schema\/logo\/image\/","url":"https:\/\/www.iberosa.com\/wp-content\/uploads\/2019\/11\/logo-iberosa-web-2021.png","contentUrl":"https:\/\/www.iberosa.com\/wp-content\/uploads\/2019\/11\/logo-iberosa-web-2021.png","width":276,"height":45,"caption":"Iberosa - Iberoamericana de hilados y tejidos, SL"},"image":{"@id":"https:\/\/www.iberosa.com\/fr\/#\/schema\/logo\/image\/"},"sameAs":["https:\/\/www.facebook.com\/iberosatextiles","https:\/\/x.com\/IberosaTextiles","https:\/\/www.linkedin.com\/company\/iberosa-textiles"]}]}},"_links":{"self":[{"href":"https:\/\/www.iberosa.com\/fr\/wp-json\/wp\/v2\/productos_rumbo\/7492","targetHints":{"allow":["GET"]}}],"collection":[{"href":"https:\/\/www.iberosa.com\/fr\/wp-json\/wp\/v2\/productos_rumbo"}],"about":[{"href":"https:\/\/www.iberosa.com\/fr\/wp-json\/wp\/v2\/types\/productos_rumbo"}],"version-history":[{"count":1,"href":"https:\/\/www.iberosa.com\/fr\/wp-json\/wp\/v2\/productos_rumbo\/7492\/revisions"}],"predecessor-version":[{"id":8254,"href":"https:\/\/www.iberosa.com\/fr\/wp-json\/wp\/v2\/productos_rumbo\/7492\/revisions\/8254"}],"wp:featuredmedia":[{"embeddable":true,"href":"https:\/\/www.iberosa.com\/fr\/wp-json\/wp\/v2\/media\/6547"}],"wp:attachment":[{"href":"https:\/\/www.iberosa.com\/fr\/wp-json\/wp\/v2\/media?parent=7492"}],"wp:term":[{"taxonomy":"categoria_producto","embeddable":true,"href":"https:\/\/www.iberosa.com\/fr\/wp-json\/wp\/v2\/categoria_producto?post=7492"}],"curies":[{"name":"wp","href":"https:\/\/api.w.org\/{rel}","templated":true}]}}

<p>La couverture Sedalina est le choix parfait pour vous offrir le meilleur confort et la meilleure chaleur pendant les mois d&rsquo;automne et d&rsquo;hiver. Cette couverture est fabriquée à partir d&rsquo;un tissu en microfibre de polyester de haute qualité, qui offre une sensation veloutée et une douceur exceptionnelle. Son design élégant et sa finition impeccable en font une option polyvalente, idéale aussi bien comme couverture pour les lits que comme couverture décorative.</p>
<p>En plus de sa qualité exceptionnelle, la couverture sedalina est facile d&rsquo;entretien, ce qui en fait un choix pratique pour votre établissement. Il résiste à une utilisation fréquente et à des lavages répétés sans perdre sa douceur ni son aspect élégant, garantissant une expérience durable à vos invités.</p>

<p>D&rsquo;un grammage de 300 g/m2, cette couverture allie légèreté et pouvoir chauffant exceptionnel, offrant à vos invités une expérience chaleureuse et réconfortante.</p>

<!-- This site is optimized with the Yoast SEO plugin v27.3 - https://yoast.com/product/yoast-seo-wordpress/ -->
<title>Couverture Sedalina - Iberosa - Iberoamericana de hilados y tejidos, SA</title>
<meta name="robots" content="index, follow, max-snippet:-1, max-image-preview:large, max-video-preview:-1" />
<link rel="canonical" href="https://www.iberosa.com/fr/productos_rumbo/couverture-sedaline/" />
<meta property="og:locale" content="fr_FR" />
<meta property="og:type" content="article" />
<meta property="og:title" content="Couverture Sedalina - Iberosa - Iberoamericana de hilados y tejidos, SA" />
<meta property="og:description" content="D&#039;un grammage de 300 g/m2, cette couverture allie légèreté et pouvoir chauffant exceptionnel, offrant à vos invités une expérience chaleureuse et réconfortante." />
<meta property="og:url" content="https://www.iberosa.com/fr/productos_rumbo/couverture-sedaline/" />
<meta property="og:site_name" content="Iberosa - Iberoamericana de hilados y tejidos, SA" />
<meta property="article:publisher" content="https://www.facebook.com/iberosatextiles" />
<meta property="article:modified_time" content="2025-02-19T07:59:46+00:00" />
<meta property="og:image" content="https://www.iberosa.com/wp-content/uploads/2023/05/iberosa-manta-sedalina-azul-01.jpg" />
	<meta property="og:image:width" content="1600" />
	<meta property="og:image:height" content="1600" />
	<meta property="og:image:type" content="image/jpeg" />
<meta name="twitter:card" content="summary_large_image" />
<meta name="twitter:site" content="@IberosaTextiles" />
<script type="application/ld+json" class="yoast-schema-graph">{"@context":"https:\/\/schema.org","@graph":[{"@type":"WebPage","@id":"https:\/\/www.iberosa.com\/fr\/productos_rumbo\/couverture-sedaline\/","url":"https:\/\/www.iberosa.com\/fr\/productos_rumbo\/couverture-sedaline\/","name":"Couverture Sedalina - Iberosa - Iberoamericana de hilados y tejidos, SA","isPartOf":{"@id":"https:\/\/www.iberosa.com\/fr\/#website"},"primaryImageOfPage":{"@id":"https:\/\/www.iberosa.com\/fr\/productos_rumbo\/couverture-sedaline\/#primaryimage"},"image":{"@id":"https:\/\/www.iberosa.com\/fr\/productos_rumbo\/couverture-sedaline\/#primaryimage"},"thumbnailUrl":"https:\/\/www.iberosa.com\/wp-content\/uploads\/2023\/05\/iberosa-manta-sedalina-azul-01.jpg","datePublished":"2024-06-10T11:10:53+00:00","dateModified":"2025-02-19T07:59:46+00:00","breadcrumb":{"@id":"https:\/\/www.iberosa.com\/fr\/productos_rumbo\/couverture-sedaline\/#breadcrumb"},"inLanguage":"fr-FR","potentialAction":[{"@type":"ReadAction","target":["https:\/\/www.iberosa.com\/fr\/productos_rumbo\/couverture-sedaline\/"]}]},{"@type":"ImageObject","inLanguage":"fr-FR","@id":"https:\/\/www.iberosa.com\/fr\/productos_rumbo\/couverture-sedaline\/#primaryimage","url":"https:\/\/www.iberosa.com\/wp-content\/uploads\/2023\/05\/iberosa-manta-sedalina-azul-01.jpg","contentUrl":"https:\/\/www.iberosa.com\/wp-content\/uploads\/2023\/05\/iberosa-manta-sedalina-azul-01.jpg","width":1600,"height":1600},{"@type":"BreadcrumbList","@id":"https:\/\/www.iberosa.com\/fr\/productos_rumbo\/couverture-sedaline\/#breadcrumb","itemListElement":[{"@type":"ListItem","position":1,"name":"Accueil","item":"https:\/\/www.iberosa.com\/fr\/"},{"@type":"ListItem","position":2,"name":"Productos","item":"https:\/\/www.iberosa.com\/fr\/productos_rumbo\/"},{"@type":"ListItem","position":3,"name":"Textile de lit","item":"https:\/\/www.iberosa.com\/fr\/categoria_producto\/textile-de-lit\/"},{"@type":"ListItem","position":4,"name":"Linge de lit","item":"https:\/\/www.iberosa.com\/fr\/categoria_producto\/textile-de-lit\/linge-de-lit\/"},{"@type":"ListItem","position":5,"name":"Couvertures","item":"https:\/\/www.iberosa.com\/fr\/categoria_producto\/textile-de-lit\/linge-de-lit\/couvertures\/"},{"@type":"ListItem","position":6,"name":"Couverture Sedalina"}]},{"@type":"WebSite","@id":"https:\/\/www.iberosa.com\/fr\/#website","url":"https:\/\/www.iberosa.com\/fr\/","name":"Iberosa - Iberoamericana de hilados y tejidos, SL","description":"Especializados en textil para hostelería y sanidad","publisher":{"@id":"https:\/\/www.iberosa.com\/fr\/#organization"},"potentialAction":[{"@type":"SearchAction","target":{"@type":"EntryPoint","urlTemplate":"https:\/\/www.iberosa.com\/fr\/?s={search_term_string}"},"query-input":{"@type":"PropertyValueSpecification","valueRequired":true,"valueName":"search_term_string"}}],"inLanguage":"fr-FR"},{"@type":"Organization","@id":"https:\/\/www.iberosa.com\/fr\/#organization","name":"Iberosa - Iberoamericana de hilados y tejidos, SL","url":"https:\/\/www.iberosa.com\/fr\/","logo":{"@type":"ImageObject","inLanguage":"fr-FR","@id":"https:\/\/www.iberosa.com\/fr\/#\/schema\/logo\/image\/","url":"https:\/\/www.iberosa.com\/wp-content\/uploads\/2019\/11\/logo-iberosa-web-2021.png","contentUrl":"https:\/\/www.iberosa.com\/wp-content\/uploads\/2019\/11\/logo-iberosa-web-2021.png","width":276,"height":45,"caption":"Iberosa - Iberoamericana de hilados y tejidos, SL"},"image":{"@id":"https:\/\/www.iberosa.com\/fr\/#\/schema\/logo\/image\/"},"sameAs":["https:\/\/www.facebook.com\/iberosatextiles","https:\/\/x.com\/IberosaTextiles","https:\/\/www.linkedin.com\/company\/iberosa-textiles"]}]}</script>
<!-- / Yoast SEO plugin. -->

D'un grammage de 300 g/m2, cette couverture allie légèreté et pouvoir chauffant exceptionnel, offrant à vos invités une expérience chaleureuse et réconfortante.

Especializados en textil para hostelería y sanidad
